he prime factors of k/(((-9)/(-21))/(-3)).
2, 7
Let s(t) = 3*t**2 - 14*t - 29. Let i = 0 + 17. Let m(g) = -g**2 + 5*g + 10. Let p(d) = i*m(d) + 6*s(d). List the prime factors of p(-4).
2
Let p(o) be the first derivative of o**2/2 - 2*o - 2. Let a be p(0). What are the prime factors of (-2)/4 + (-13)/a?
2, 3
Let v(b) = 84*b**3 - b. What are the prime factors of v(1)?
83
Suppose 3*s + 2*s = 2*h + 24, -s + 2*h + 8 = 0. Suppose 6 + 2 = s*l. List the prime factors of l.
2
Suppose 2*c - 4*c + 12 = 0. Suppose 0*z - c = -z. What are the prime factors of z?
2, 3
Suppose 4*n - 12 = -0*n. Suppose 2*x - 1 = n. List the prime factors of x.
2
Suppose 0 = 2*r + 14 - 68. What are the prime factors of r?
3
List the prime factors of (-10)/(-4)*6/1.
3, 5
Let q = -2 + 6. Suppose o - 5*f = -o + 23, -4*o - 3*f + 59 = 0. Suppose q*h - 6 = o. List the prime factors of h.
5
Let u(i) be the third derivative of -i**5/60 + 3*i**4/8 - 2*i**3/3 + i**2. List the prime factors of u(4).
2
Suppose 5*s + 5*b = 635, 4*b + 182 = 2*s - 66. List the prime factors of s.
2, 3, 7
Suppose -5*g = 2*h - 28 - 0, 2*h - 28 = g. List the prime factors of h.
2, 7
Suppose 3*p + 6*q - 64 = 2*q, -5*p + 5*q = -60. Let v be 9/(-2)*p/(-12). List the prime factors of 3/v*14/1.
7
What are the prime factors of ((-212)/(-12))/((-2)/(-6))?
53
Suppose 5*a = 3*a + 10. Suppose -a*v + 0*v = -125. What are the prime factors of v?
5
Suppose 4*w + 2*i - 247 = 5*i, 0 = w - 4*i - 78. List the prime factors of w.
2, 29
Let l = 6 + -4. Let i = 3 - l. Suppose i = d - 2. List the prime factors of d.
3
Let c(w) = 2*w**2 - 6*w - 5. What are the prime factors of c(7)?
3, 17
Let b be (-6)/(-10) - (-56)/40. Suppose b*r - 61 = -4*s - 25, r - 34 = 2*s. List the prime factors of r.
2, 13
Let s = 95 - 68. List the prime factors of s.
3
List the prime factors of (1 + -2)*(-55 - 0).
5, 11
Suppose 4*m = -v + 176, 2*m + v - 101 + 15 = 0. List the prime factors of m.
3, 5
Let w(q) = -q**2 - 13*q + 6. Let k be w(-13). Let m = 26 - k. What are the prime factors of m?
2, 5
Suppose 13 = p + 4*z, -5*p = 3*z - z + 7. Let h(l) = l**2 + 2*l - 1. What are the prime factors of h(p)?
2
Suppose -5*g + 589 = -4*r, -4*g + 8*g + 2*r = 492. What are the prime factors of g?
11
Suppose -8*z + 168 = -4*z. List the prime factors of z.
2, 3, 7
Let z = 348 - 181. List the prime factors of z.
167
Let z(a) = -a**2 - 7*a + 6. Suppose 0 = 2*p - 5*y + 37, -4*p = -y + 4*y + 9. What are the prime factors of z(p)?
2, 3
Suppose -10 = -w - 2*l + 22, 0 = 3*w + 3*l - 108. What are the prime factors of w?
2, 5
Let x(p) = -p**2 - 4*p + 3. Let j be x(-4). Suppose 4*s - 18 = -v, -3*s = v - j - 13. What are the prime factors of v?
2, 5
Let d(u) be the first derivative of 4*u**3/3 - u - 1. Let g be d(1). Suppose -y = 5*x + y - 38, 0 = -3*x + g*y + 6. What are the prime factors of x?
2, 3
Suppose t = -t + 6. Suppose -t*l - 2 = -4*l. List the prime factors of l.
2
What are the prime factors of (36 + 2 + -1)*7?
7, 37
Suppose 0 = -3*g - o - 1, 5*g + 4 = 3*o - 21. What are the prime factors of ((-1)/g)/(13/1092)?
2, 3, 7
Let u = 1 + 3. Suppose -22 - u = -2*i. Let r = i + -5. List the prime factors of r.
2
Suppose 0 = 3*u + 2 + 13. What are the prime factors of (-4)/(1 - (-2 - u))?
2
Let g = -238 + 335. List the prime factors of g.
97
Suppose -2*x + 2*v = v - 67, 0 = -5*x - 3*v + 162. List the prime factors of x.
3, 11
Let y be 2*(2 + 1 - 0). Let n be (-116)/y + 4/(-6). Let b = -3 - n. What are the prime factors of b?
17
Let i = 1 - 4. Let z(j) = 4*j**2 - 2*j + 2. Let v be z(i). Suppose 3*m - 3*w + 14 = v, m - 3*w = 6. What are the prime factors of m?
2, 3
Suppose -2 = -d + l, -2*d - 4*l + 16 = -0*d. Suppose 7 + 14 = q + 4*b, d*q + 5*b - 62 = 0. What are the prime factors of q?
13
Let d(w) = w**2 + 8*w - 2. List the prime factors of d(-9).
7
Suppose 2*w + 2*h - 16 - 4 = 0, 3*h - 15 = 0. Suppose -1 = -w*j + 9. What are the prime factors of j?
2
Let l = 9 + -4. Let a = l - -4. List the prime factors of a.
3
Suppose 22 = -2*l + 54. List the prime factors of l.
2
Let r(m) = m**3 - 6*m**2 + 5*m + 6. List the prime factors of r(5).
2, 3
Suppose 5*l = -25, 0*m - 39 = -3*m + 3*l. Let z = m + 8. What are the prime factors of z?
2
Suppose -3*y - 29 = -4*r, 5*y - 5 = -5*r + r. Let j = y + 5. Suppose l = -2*z - 2 - 2, 0 = j*l + z - 1. What are the prime factors of l?
2
Let q = 18 - 8. Let v(t) = 0*t + 2*t - 2 - 13. List the prime factors of v(q).
5
Let g(w) = -w**3 + 6*w**2 + 6*w + 10. Let h be 5/(-3)*(3 + -6). Suppose -4*r + h = -f, 4*r = -r + 15. What are the prime factors of g(f)?
3
Let r = 109 + -78. List the prime factors of r.
31
Let u be (23/(-4))/((-4)/64). Let r = u + -63. What are the prime factors of r?
29
List the prime factors of 2 - ((-3 - -1) + -42).
2, 23
Let a(b) = 3*b + 9. Let p(d) = 5*d + 13. Let k(f) = 7*a(f) - 5*p(f). List the prime factors of k(-5).
2, 3
Let b be -3 + (3 - -1) + 2. Suppose 6*u - u + 3*a - 48 = 0, -u + b*a + 6 = 0. List the prime factors of u.
3
Suppose 0*l - 2*l = 0. Suppose 0 = 2*f - l*f - 30. List the prime factors of f.
3, 5
Suppose 4*k = k. Suppose 7*h - 10*h + 132 = k. What are the prime factors of h?
2, 11
Suppose -3*p + 2*p = -5*w + 3, -2*w - 3*p = -8. Let t(x) = -x**2 - 2. Let y(d) = -15*d**2 - d + 2. Let r(h) = -t(h) - y(h). What are the prime factors of r(w)?
17
Let l = -9 + 13. What are the prime factors of 2/l + (-54)/(-4)?
2, 7
Let c = 7 + 29. Suppose -5*p + c = -2*p. Let r = -8 + p. What are the prime factors of r?
2
What are the prime factors of (1 - 0) + -2 + 47?
2, 23
Suppose -5*m = 4*t - 76, t - 19 = -7*m + 2*m. List the prime factors of t.
19
Let v be (2/6)/((-1)/(-3)). Suppose 0*b - 22 = b + 5*u, 5*b + u = 10. Suppose -v = -2*m + 1, -b*a + 4*m + 29 = 0. What are the prime factors of a?
11
Let l = 97 - 41. List the prime factors of l.
2, 7
Suppose 0*c = -4*c + 48. Let y = c + 2. List the prime factors of y.
2, 7
What are the prime factors of 117 + ((-1)/(-1) - 0)?
2, 59
Suppose 0 = 2*g - 9*g + 119. List the prime factors of g.
17
List the prime factors of ((-2)/(-12)*-3)/(3/(-66)).
11
Let o be (1*(0 - -1))/1. Let y be o/(2 + (-26)/14). Suppose 0 = -3*h + y*h - 32. List the prime factors of h.
2
Suppose -2*r + 7 + 23 = 0. Suppose -5*p - x = -30 + 3, 2*x - 14 = -2*p. Suppose -p*l + r = -0*l. List the prime factors of l.
3
Let y(g) = -g**3 - 14*g**2 - 4*g + 10. What are the prime factors of y(-14)?
2, 3, 11
Let v be 3/6 - (-114)/(-4). List the prime factors of (-2)/(-7) - 188/v.
7
Let x = 83 + 45. What are the prime factors of x?
2
Let x(g) = -g - 1. Let o be x(-10). Suppose 0 = 3*b - 3 + o. List the prime factors of 2 - (5 + -3) - b.
2
Suppose 2*k + 26 = 3*k - 3*r, -k - 5*r = -34. What are the prime factors of k?
29
Suppose 0 = 4*c - 0*c - 92. What are the prime factors of c?
23
Let v = 2 + 4. Let f(d) = d**2 - 5*d - 4. Let u be f(v). Suppose i = -2*l + 14, -l = 4*i - u - 26. List the prime factors of i.
2, 3
List the prime factors of ((-36)/6 - -4) + 228.
2, 113
Let d = 93 + -60. What are the prime factors of d?
3, 11
Suppose 5*y - 3*g = 34, 3*y + 3*g - 21 = 5*g. Suppose 2*n = -0*t - y*t + 29, -5*n = -3*t - 26. What are the prime factors of n?
7
Let s = 45 + -27. Suppose 2*h - 32 = s. List the prime factors of h.
5
Let a(m) = 5*m**3 - 1. Let x be a(1). Suppose 0 = b - 0 - x. Suppose 0 = -3*l - q + b*q + 27, q + 17 = 3*l. List the prime factors of l.
2
Let r(m) = -m**3 - 2*m**2 + 3*m. Let o be r(-3). Suppose 4 = d - o. Suppose 0*y - 2*c = d*y - 14, 2*c + 2 = 0. List the prime factors of y.
2
Let y(x) = x + 1. Let v(c) = -c. Let k(u) = 6*v(u) + 5*y(u). List the prime factors of k(-5).
2, 5
Suppose -3*z = f - 48 - 48, 5*z - 5*f - 140 = 0. What are the prime factors of z?
31
Let c = -156 - -329. List the prime factors of c.
173
Let b(v) = 5 + 0*v + 0*v + v. Let g be b(-5). Suppose g = 4*i - 6*i + 20. List the prime factors of i.
2, 5
Let x = 10 + -9. Let w(i) = i**2 + i. What are the prime factors of w(x)?
2
Let p(g) = 11*g**2 - 1. Let i = 9 - 6. Let b be (-1 + i)/(1*-2). List the prime factors of p(b).
2, 5
Let w be 75/10 + 2/(-4). Suppose 3*t - w*t + 4 = 0. What are the prime factors of t/2 + 15/2?
2
Suppose -2*z + 3 = -1. Suppose z*b - 12 = b. What are the prime factors of b?
2, 3
Suppose 38 = 2*b + 5*n - 17, -3*n + 96 = 3*b. 